2 + 15*k + 25. Calculate w(-20).
125
Let z(q) = -3*q**3 + 28*q**2 - 7*q - 13. What is z(9)?
5
Let w(b) = -2*b**2 + 60*b + 71. Determine w(31).
9
Let i(p) = -3*p**3 + 4*p**2 - 7*p - 2. Give i(4).
-158
Let j(x) = x**3 + 20*x**2 - 21*x - 3. Determine j(-21).
-3
Let u(j) = -j**3 - 6*j**2 + 7*j - 8. What is u(-6)?
-50
Let i(l) = -l**3 - 5*l**2 + 13*l + 7. Determine i(-7).
14
Let k(z) = -3*z - 5. What is k(-4)?
7
Let f(n) = 4*n - 15. What is f(10)?
25
Let u(c) = -c**2 + 5*c + 1. Determine u(7).
-13
Let u(b) = -b**3 - 5*b**2 + 4*b + 18. Determine u(-5).
-2
Let c(v) = -v**2 + 10*v - 7. What is c(7)?
14
Let n(i) = 2*i - 11. Determine n(0).
-11
Let p(u) = -u + 33. What is p(21)?
12
Let w(s) = -16*s - 168. What is w(-11)?
8
Let h(u) = -u**3 + 3*u**2 + 14*u - 14. What is h(5)?
6
Let y(k) = 11*k + 1. Give y(1).
12
Let s(p) = -4*p**2 - 51*p - 7. Determine s(-13).
-20
Let u(w) = -w**3 + 6*w**2 + 6*w - 3. Calculate u(6).
33
Let s(t) = -t**2 - 9*t + 10. Determine s(-11).
-12
Let b(k) = -7*k + 30. Determine b(9).
-33
Let m(c) = c**2 - 17*c + 23. Determine m(16).
7
Let f(x) = -5*x - 3. Calculate f(4).
-23
Let g(k) = -8*k - 23. Calculate g(-16).
105
Let d(l) = -8*l**2 + 95*l - 3. Give d(12).
-15
Let r(o) = -16*o**2 - 2*o - 1. Give r(-1).
-15
Let o(d) = -d + 1. Calculate o(9).
-8
Let z(v) = -v**3 + 11*v**2 + 14*v - 18. Give z(12).
6
Let w(b) = 57*b**2 + 3*b + 3. What is w(-1)?
57
Let w(q) = q**3 + 6*q**2 - 5*q + 4. What is w(-7)?
-10
Let f(r) = r - 2. Calculate f(-2).
-4
Let t(h) = 19*h - 6. What is t(-2)?
-44
Let i(q) = 18*q + 2. What is i(6)?
110
Let k(o) = -o**2 - 17*o - 30. Give k(-13).
22
Let m(b) = -37*b**3 + 3*b - 2. Calculate m(1).
-36
Let g(n) = -2*n**3 + 15*n**2 - 9*n - 4. Determine g(7).
-18
Let h(n) = 13*n + 61. Calculate h(-5).
-4
Let g(b) = 2*b**3 + 9*b**2 + 16. Calculate g(-5).
-9
Let t(q) = -5*q**2 - 39*q + 13. What is t(-8)?
5
Let y(p) = p**2 + 17*p - 10. What is y(-15)?
-40
Let d(k) = 2*k**2 + 16*k + 5. What is d(-9)?
23
Let j(v) = v**3 + 6*v**2 - 28*v. Determine j(-9).
9
Let g(i) = i**2 + 3*i - 4. Give g(2).
6
Let g(j) = j**3 + 10*j**2 - 12*j - 4. Determine g(-11).
7
Let s(i) = i**2 - 3*i - 3. Give s(-5).
37
Let h(z) = -z**2 + 2*z + 6. Calculate h(4).
-2
Let k(m) = 62*m - 2. What is k(1)?
60
Let f(l) = 23*l - 186. Calculate f(8).
-2
Let f(u) = -u**3 - 25*u**2 + 55*u - 17. Determine f(-27).
-44
Let r(z) = -z**3 + z**2 + 29*z + 1. Determine r(6).
-5
Let k(g) = 2*g**2 + 43*g - 72. Give k(-23).
-3
Let a(n) = -6*n + 4. Determine a(3).
-14
Let c(i) = 3*i**2 + 8*i - 8. Give c(2).
20
Let w(q) = 4*q + 19. Give w(-4).
3
Let o(a) = a + 21. What is o(3)?
24
Let n(f) = -f**3 + 2*f**2 + 27*f - 15. Determine n(6).
3
Let w(o) = o**3 + 14*o**2 + 5*o - 41. Calculate w(-13).
63
Let b(v) = -v**3 + 11. Give b(0).
11
Let s(t) = t**2 + 63*t + 115. Determine s(-61).
-7
Let c(o) = -2*o**2 + 18*o - 2. What is c(9)?
-2
Let c(q) = -6*q - 192. What is c(-31)?
-6
Let q(h) = h**2 + 9*h + 2. Give q(-9).
2
Let m(r) = 2*r**3 + 7*r**2 - 2*r + 15. What is m(-4)?
7
Let c(l) = l**2 - 60*l + 172. Calculate c(3).
1
Let b(p) = -p**2 + 4*p. What is b(6)?
-12
Let m(l) = 14*l - 98. Give m(7).
0
Let a(g) = 2*g**3 - g**2 - 2*g + 3. Calculate a(2).
11
Let l(g) = g**3 - 7*g**2 + 20*g - 141. What is l(7)?
-1
Let f(p) = 51*p**3 + 2*p - 1. Give f(1).
52
Let u(k) = 66*k**3 + k**2 - k. Give u(1).
66
Let f(n) = -n**2 + 15*n + 12. Determine f(16).
-4
Let p(m) = -m**3 + m**2 - m - 36. Calculate p(0).
-36
Let y(q) = q**3 - 2*q**2 - q + 2. What is y(1)?
0
Let u(x) = 7*x - 60. What is u(13)?
31
Let j(v) = -8*v + 10. What is j(12)?
-86
Let c(h) = -2*h + 10. Give c(7).
-4
Let i(r) = 79*r - 2. Determine i(-1).
-81
Let t(v) = 39*v - 230. Calculate t(6).
4
Let x(j) = -j**3 - 5*j**2 - 4*j - 11. Calculate x(-5).
9
Let t(g) = g**2 + 15*g + 30. Determine t(-12).
-6
Let g(q) = 14*q - 10. Give g(4).
46
Let t(z) = z**2 + 2. Determine t(0).
2
Let z(w) = -w**3 - w**2 + 2*w - 12. What is z(0)?
-12
Let u(n) = 4*n - 6. Give u(3).
6
Let c(q) = q**2 - 8*q + 9. Calculate c(7).
2
Let a(c) = c**3 - 10*c**2 - 10*c - 17. What is a(11)?
-6
Let a(p) = -p**2 + 10*p - 5. What is a(9)?
4
Let h(v) = -7*v + 77. What is h(13)?
-14
Let u(g) = -5*g - 15. Determine u(-6).
15
Let p(x) = -6*x**2 - 4*x + 5. Determine p(-4).
-75
Let s(p) = -12*p + 5. What is s(6)?
-67
Let f(a) = -a**3 + 6*a**2 + 2*a + 7. Calculate f(6).
19
Let q(g) = 2*g**2 - 9*g - 7. What is q(6)?
11
Let s(u) = u**3 + 8*u**2 + 13*u - 1. Determine s(-6).
-7
Let n(c) = -c**2 + 13*c - 17. What is n(11)?
5
Let n(p) = -p**3 + 4*p**2 - 4*p - 3. Calculate n(4).
-19
Let x(k) = k**2 - 5*k - 4. Determine x(8).
20
Let r(z) = 18*z**2 - 3*z + 3. What is r(2)?
69
Let b(x) = x - 7. Calculate b(8).
1
Let p(q) = q**3 - 4*q**2 + 4*q - 2. Calculate p(5).
43
Let a(m) = -11*m + 6. What is a(-3)?
39
Let o(q) = q**2 - 13*q + 29. Calculate o(10).
-1
Let i(k) = k**3 + 16*k**2 + 14*k - 11. Calculate i(-15).
4
Let n(p) = -2*p**3 - 26*p**2 - 24*p + 8. Give n(-12).
8
Let h(z) = 12*z + 42. Calculate h(-5).
-18
Let q(v) = 2*v + 7. Determine q(-7).
-7
Let t(y) = y**2 + 2*y - 5. Give t(0).
-5
Let j(l) = -l**2 - 4*l - 7. Calculate j(-3).
-4
Let j(w) = -2*w**2 + 10*w + 4. What is j(5)?
4
Let v(t) = -t**2 + 12*t - 15. Give v(5).
20
Let f(p) = -p**2 - 5*p - 8. Calculate f(-3).
-2
Let k(y) = -3*y - 41. Determine k(-10).
-11
Let a(m) = -m**3 - 26*m**2 + 2*m - 12. Determine a(-26).
-64
Let f(d) = -3*d - 5. What is f(-4)?
7
Let g(h) = -h**2 - 26*h + 25. Determine g(-27).
-2
Let t(z) = -3*z + 14. What is t(16)?
-34
Let p(b) = b**2 - 17*b + 12. Calculate p(8).
-60
Let k(r) = r**3 + 9*r**2 + 12*r + 8. Determine k(-7).
22
Let y(h) = 3*h**2 + 11*h + 18. What is y(-2)?
8
Let f(q) = 8*q + 154. Give f(-19).
2
Let j(f) = f**3 + 8*f**2 - f - 5. Give j(-8).
3
Let t(z) = -z**2 + 3*z. Calculate t(3).
0
Let j(q) = -q**2 - 7*q - 5. What is j(-6)?
1
Let c(s) = -s + 5. Give c(9).
-4
Let x(c) = c**3 - c**2 - 2*c + 1. Determine x(2).
1
Let z(t) = t**3 - 2*t**2 - 16*t + 5. What is z(5)?
0
Let u(n) = -n**2 - 4*n + 4. What is u(-7)?
-17
Let t(r) = r**3 - 23*r**2 - 3*r + 50. What is t(23)?
-19
Let z(h) = -h**2 + 39*h + 125. What is z(42)?
-1
Let o(q) = 4*q**2 - 14*q + 1. Give o(4).
9
Let m(s) = -3*s**2 - 19*s + 1. What is m(-7)?
-13
Let d(g) = g**2 - 7*g + 15. Calculate d(3).
3
Let g(c) = -4*c + 41. Calculate g(11).
-3
Let d(s) = s**3 - 15*s**2 + s + 6. What is d(15)?
21
Let x(g) = -2*g + 17. What is x(8)?
1
Let v(f) = 44*f + 929. Give v(-21).
5
Let i(k) = -73*k**2 + 6*k - 6. Determine i(1).
-73
Let r(k) = 7*k - 109. What is r(11)?
-32
Let r(m) = -m**3 - 4*m**2 + 11*m + 11. Give r(-5).
-19
Let o(n) = -n**3 - 12*n**2 - 2*n - 47. Calculate o(-12).
-23
Let s(v) = v**3 + 6*v**2 - 15. Give s(-6).
-15
Let h(s) = -s**3 + s**2 - s - 3. Determine h(-2).
11
Let j(a) = a**3 + a**2 - a - 3. Determine j(0).
-3
Let n(i) = -17*i**2 + 102*i - 6. What is n(6)?
-6
Let d(m) = -m**3 - 38*m**2 + 31*m - 313. What is d(-39)?
-1
Let u(k) = 17*k + 1. Determine u(-7).
-118
Let y(d) = 26*d - 132. What is y(6)?
24
Let r(b) = -b - 10. Give r(-4).
-6
Let v(s) = -6*s + 2. Calculate v(2).
-10
Let y(a) = 3*a**2 - 6*a + 8. Give y(2).
8
Let a(u) = -u**3 - 8*u**2 + 23*u + 19. Determine a(-10).
-11
Let h(o) = 5*o**2 - 9*o - 26. What is h(6)?
100
Let u(g) = -g**3 - 15*g**2 - 13*g - 1. What is u(-14)?
-15
Let g(u) = -u + 9. Give g(5).
4
Let j(y) = 68*y**3 + 6*y - 7. Calculate j(1).
67
Let h(q) = q**2 - 20*q - 16. Determine h(21).
5
Let u(t) = 2*t**2 - 34*t + 4. Calculate u(17).
4
Let n(w) = -47*w**2 + w. Determine n(-1).
-48
Let c(d) = -14*d**2 - d - 1. Determine c(1).
-16
Let o(s) = 8*s - 30. What is o(-7)?
-86
Let z(y) = -y**3 - y**2 + y - 4. What is z(2)?
-14
Let z(j) = -j**3 + 18*j**2 - 17*j - 16. Give z(17).
-16
Let p(t) = t**3 - 80*t + 15. Determine p(-9).
6
Let l(j) = -7*j - 6. Calculate l(-3).
15
Let b(w) = w**3 + w**2 - 7. What is b(0)?
-7
Let k(w) = 4*w**2 + 55*w + 37. Determine k(-13).
-2
Let b(u) = u**3 - 8*u**2 - 16*u + 4. What is b(-2)?
-4
Let c(m) = m**3 - 6*m**2 - 7*m + 5. Calculate c(7).
5
Let g(n) = -12*n + 12. Give g(-5).
72
Let b(l) = l**3 + 25*l**2 + 115*l + 22. Give b(-19).
3
Let s(t) = -t**3 + 6*t**2 - 4*t + 24. Determine s(6).
0
Let b(q) = -q**2 + 9*q + 9. Determine b(11).
-13
Let b(h) = -7*h + 41. Calculate b(5).
6
Let v(h) = h - 1. What is v(-2